r) = r**2 - 3*r - 23. Let f be z(7). Let l(y) = -2*y**2 - y**3 + 3*y**2 + 20*y - 17*y - 3*y**2 - 5*y**2 - f. Give l(-8).
35
Let w be (-4)/(-14) + 1 + (-6)/21. Let j(o) = -3*o**2 + 3*o - 5*o + 3*o - w + 7*o**3 - 9*o**3. Calculate j(2).
-27
Let g(i) be the third derivative of -i**6/120 + 7*i**5/60 + 5*i**4/12 - 7*i**3/6 + 12*i**2. What is g(8)?
9
Let y(n) = -38*n**3 + 2*n**2 + 18*n + 42. Let d(j) = -3*j**3 + j + 4. Let g(u) = 12*d(u) - y(u). Determine g(-2).
-6
Let u(n) = -n**3 + 3*n**2 + 2*n - 3. Let d(c) = c**2 + 38*c + 139. Let j be d(-34). Suppose 39*h = 38*h + j. Give u(h).
3
Let t(g) = -g**2 - 7*g + 60. Suppose 0 = -8*w + 877 - 981. Determine t(w).
-18
Let g(a) = 4*a**2 + a + 17. Let u(h) = -2*h**2 - 6. Let k(b) = -3*g(b) - 8*u(b). What is k(3)?
24
Let z(f) = 3*f**3 - 8*f**2 + 3*f - 6. Suppose -p = 2*s + 1, -150*p - 3*s = -148*p. What is z(p)?
12
Let h(x) = -x + 5. Let i(z) = 3*z**2 + 46*z + 56. Let b be i(-14). Give h(b).
5
Let l = 57 - 96. Let y = -37 - l. Suppose 20 = y*v - 7*v. Let g(c) = -c**3 - 2*c**2 + 7*c + 6. What is g(v)?
10
Let k(g) = g**3 + 8*g**2 + 4*g - 6. Let u be k(-7). Let t(z) = -391*z**2 - 4 + 4 + 390*z**2 + u*z + 2. Determine t(15).
2
Let x(n) be the third derivative of -7*n**4/24 + 5*n**3/3 + 42*n**2 + 4. Calculate x(6).
-32
Let s(b) = 125*b + 8. Let o(q) = 35*q + 2. Let g(t) = -14*o(t) + 4*s(t). Determine g(-1).
-6
Let h(r) = -2*r - 1. Suppose l + 2 = -3*y - 0*y, -4*y = -3*l - 19. Let u(z) = -3*z - 5. Let m(g) = y*u(g) - 4*h(g). Give m(4).
19
Let f(t) = t**3 + 3*t**2 - 3*t - 4. Let b be f(-3). Let i(k) be the third derivative of 12*k**2 + 0*k**3 + 0 + 7/24*k**4 + 0*k - 1/60*k**5. Determine i(b).
10
Let k(a) = -50*a + 98*a + 2 - 46*a. Let q be 0 + 3 + -1 + 2. Suppose 2 - q = -n. What is k(n)?
6
Suppose 77*h + 1092 = 105*h - 80*h. Let t(g) = -3*g - 28. What is t(h)?
35
Let k(j) be the second derivative of -90*j + 0 + 2/3*j**4 + 11/2*j**2 - 7/6*j**3 + 1/20*j**5. Determine k(-9).
-7
Let v be 8*(-1 - -3)*2/4. Let n(u) be the second derivative of -u**5/20 + 2*u**4/3 - 3*u**2 + 2*u + 15. Calculate n(v).
-6
Let c(p) = -2*p**3 - p**2 - 3*p - 1. Let s(t) = 7*t**3 - 22*t**2 + 55*t - 14. Let j(l) = -3*c(l) - s(l). Calculate j(23).
17
Let p(r) = r**3 - 46*r**2 - 149*r + 101. Let v be p(49). Let a(d) be the third derivative of -3*d**2 - 1/6*d**v + 0 + 0*d + 7/24*d**4. Determine a(1).
6
Let f(u) = -1037*u**2 + 2*u**3 + 12*u + 3*u**3 + 5 - 6*u**3 + 1049*u**2. Calculate f(13).
-8
Let w(j) be the third derivative of 11*j**4/24 - 9*j**2 + 1. Suppose 2*u = 5*y - 3*y - 16, 35 = 5*y - 4*u. Determine w(y).
33
Let x(v) = v**3 + 3*v**2 + 6*v. Let l(o) = 8*o**3 + 17*o**2 + 30*o + 17. Let c(g) = -l(g) + 7*x(g). Determine c(8).
-177
Let j = -675 - -671. Let m(h) be the third derivative of -1/8*h**4 - 2*h**2 - 1/15*h**5 + 0 + 0*h + 1/3*h**3 - 1/120*h**6. Determine m(j).
14
Suppose a = 38 - 32. Suppose a - 2 = 2*d. Let w(b) = b**2 + 7*b + b**3 - 4 - 7*b**d + 5*b - 5*b. Calculate w(5).
6
Let h(z) be the first derivative of -z**4/4 + 5*z**3/3 - 2109. Suppose a + 0*a = 2. Suppose 2 = a*l - 4. Give h(l).
18
Let c(o) = -o**2. Let j(p) = -p**3 - 3*p**2 + 6*p + 7. Let l be (0 - 3)*(-1)/(-3). Let z(h) = l*j(h) - c(h). Suppose 28*q = -16*q + 21*q - 115. Give z(q).
-2
Let g(v) be the second derivative of -v**4/12 - v**3/3 + 6*v**2 - 2*v - 27. Suppose -26*p - m - 18 = -22*p, 4*p + 16 = -2*m. What is g(p)?
-3
Let c(m) = 18*m + 66*m - 82*m - 15. What is c(-8)?
-31
Let m(t) = -t**2 + t + 5. Let i be m(0). Let c = i + 0. Let b(a) be the second derivative of -a**5/20 + a**4/3 + a**3 - 7*a**2/2 - 590*a. Determine b(c).
-2
Let r(p) = -p**2 + 10*p - 17. Suppose 142 = 19*n + 85. Determine r(n).
4
Let q be ((-3)/1 - 2)*-2. Let a(g) = 2*g**3 + 32*g**2 - 15*g + 17. Let n(d) = d**3 + 21*d**2 - 7*d + 9. Let p(r) = 3*a(r) - 5*n(r). What is p(q)?
6
Let n(k) = -9*k**2 + 7*k - 36. Let c(m) = -7*m**2 + 7*m - 31. Let x(w) = 4*c(w) - 3*n(w). Calculate x(3).
-4
Let y(z) = -44 - 61 + 16*z - 52 + 101. Give y(7).
56
Let d(p) = 35 - 3*p + 33 + 41 - 40. Let j be d(24). Let o(c) = -c**2 + 1. What is o(j)?
-8
Let l(s) = -5468*s**3 + 22 + 5467*s**3 + 3*s**2 - 11*s + 4*s**2. Give l(6).
-8
Let q(f) = 22*f**3 - 10*f**2 + 2*f + 3. Let x(m) = -3*m**2 + m + 1. Let a(l) = q(l) - 3*x(l). Let g(s) = 8*s + 47. Let c be g(-6). Give a(c).
-22
Let n(r) = -4*r + 1. Let o(c) = 5*c - 2. Let f(w) = -w**2 - 13*w - 19. Let k be (-4 + 3 + -1)*6. Let z be f(k). Let i(y) = z*n(y) - 6*o(y). Give i(5).
-5
Suppose 31 = 12*j - 65. Let z be (-120)/25 - j*3/(-30). Let t(k) = -k**2 - 3*k - 2. Give t(z).
-6
Let p(g) = -25*g + 3. Let c(s) = 9*s - 1. Suppose 5*t = -4 - 21, -4*m + 5*t = 7. Let i(b) = m*c(b) - 3*p(b). Give i(-6).
-19
Let b(v) = -2*v**2 - 2*v - 2. Let g(h) = -h**3 + 8*h**2 + 5*h + 34. Suppose -36*j = -39*j + 27. Let x be g(j). Determine b(x).
-6
Let f(n) = 2*n**2 + 3*n + 3. Suppose 6*l - 270 = -3*l. Suppose -4*s + 18 = l. What is f(s)?
12
Let f(c) = -c**3 - 11*c**2 - c - 4. Let o be -6 + 6/1 - -2. Suppose 4*m + 42 = -o. What is f(m)?
7
Let z(w) = 5*w + 7. Suppose 12*l - 95*l = 83. What is z(l)?
2
Let a(o) = o**2 + 4*o. Let k(p) = -p**2 - 5*p. Let j(r) = 6*a(r) + 5*k(r). Suppose -2*w - 34 + 42 = 0. Let n be 87/(-58) + 2/w. Give j(n).
2
Let u(s) = s**2 + 8*s + 14. Suppose 57*i - 56*i = 0. Give u(i).
14
Let i = -18 + 19. Let p(a) = 5 + i + 0*a + a. Let d(h) = -h**2 + h - 3. Let f be d(1). Calculate p(f).
3
Suppose -18*i + 61 - 43 = 0. Let g(w) = -w. Give g(i).
-1
Let z(x) be the first derivative of -x**4/4 + x**3/3 + x**2 - 3*x + 4. Let d be z(0). Let l(m) = -m**3 - 4*m**2 - m + 3. What is l(d)?
-3
Let y(o) be the third derivative of -o**4/12 + o**3 - o**2. Suppose 12*j + 11540 = -8*j. Let k = -570 - j. Calculate y(k).
-8
Let t(i) = -6*i + 44. Let b(h) = -15*h + 74. Let j(n) = 3*b(n) - 5*t(n). Give j(1).
-13
Let z(l) = 2*l. Let s(a) = -140*a + 67*a + 78*a - 4. Let m(x) = -s(x) + 3*z(x). What is m(-6)?
-2
Let z(i) = -48*i + 22*i + 19*i + 0 + 18*i - i**2 + 38. Calculate z(-6).
-64
Let b be 2/17 - (-576)/306. Let g be 160/(-8)*b/4. Let k(u) = u**2 + 11*u + 3. Give k(g).
-7
Let u(d) = -d**2 + 2*d + 20. Let c = 413 - 407. Determine u(c).
-4
Let f = -578 + 576. Let j(g) = -2*g + 3. Let v(c) = -c**2 + 1. Let m(b) = -j(b) - v(b). Calculate m(f).
-4
Let j(x) = x**3 + 50*x**2 - 48*x + 153. Let v be j(-51). Let w be (v/1)/(1 - 3). Let q(b) = -b - 5. What is q(w)?
-5
Let z(u) = -65*u - 5. Let c be z(-1). Let d = c + -53. Let f(x) be the third derivative of -x**5/60 + 7*x**4/24 - 7*x**3/6 + 28*x**2. Give f(d).
-7
Suppose -6*r + 15 = -2*a - 3*r, 0 = 4*a + 4*r - 20. Let j be 1 + a - (-2 + 5 + 0). Let x be j + 16/4 + -5. Let y(o) = -3*o - 4. Give y(x).
5
Let n = 91 - 88. Let i = n + 2. Suppose i*d = -3*u + 3 + 7, 3*u = -4*d + 5. Let z(t) = -t - 1. Give z(u).
4
Let r(k) = -k**2 - 7*k - 10. Let d be r(-5). Suppose -17*i + 6*i - 77 = d. Let z(o) = -o**2 - 7*o - 4. Determine z(i).
-4
Let a(h) = h**3 + 6*h**2 - h - 2. Suppose 11 = 3*l - 1. Let q = -40 + 42. Suppose -4*y - 5*x - 44 = 0, 5*y + 22 = -q*x + l*x. Calculate a(y).
4
Let d(s) = -2*s + 1. Suppose -q + 7*x = 4*x - 11, x - 31 = -4*q. Let z be (-105)/20 + -1 + 2/q. What is d(z)?
13
Let h be ((-356)/890)/((-6)/(-315)). Let s(n) = n**2 + 20*n - 30. Calculate s(h).
-9
Suppose 0 = 2*r - r - 4. Suppose -5*n = -r - 1. Let v(i) = 10*i - 2*i - i + i. What is v(n)?
8
Let p(o) = 28*o**2 - o**3 + 10 - 74*o - 20*o**2 - 10 + 76*o. Suppose -j + 1 = -5*v - 2, v - 33 = -4*j. Give p(j).
16
Let l(r) be the second derivative of r**4/8 - r**3/6 - 47*r**2/2 + 35*r. Let z(n) be the first derivative of l(n). Determine z(-1).
-4
Let h(g) = 4*g**3 + 2*g**2 - 1. Suppose -i - 4 = -4*z, -4*z - i + 2 = 6. Let f(y) = 4*y**2 - 6. Let x be f(z). Let v be ((-5)/3 + 2)/(2/x). Give h(v).
-3
Let a(f) = 31 - 7*f - f - 2*f + 4. Let b(n) = -7*n + 22. Let d(r) = -5*a(r) + 8*b(r). Give d(-1).
7
Let o(p) = -13*p**2 + 65 - 5*p + 62 - 134. Let t(c) = 28*c**2 + 10*c + 15. Let x(h) = 13*o(h) + 6*t(h). Determine x(-6).
-7
Let h(w) be the first derivative of w**4/24 + 2*w**3 - 7*w**2/2 - 5*w + 58. Let p(d) be the second derivative of h(d). Give p(-10).
2
Suppose 23*t - 54 - 786 = 191*t. Let b(c) = c - 1. Let k be b(1). Let r(l) = -7*l**2 - l**3 + k*l - 7*l + 0 + 0 - 1. Calculate r(t).
-16
Let f(q) = 3*q - 3. Let z b